n 34 is divided by w?
14
Let t(f) = -f**3 - f**2 + f + 249. Let y be (-5143)/148 + 1/(-4). What is the remainder when t(0) is divided by (-6 + (-192)/(-40))*y?
39
Let r(t) = t**3 + 16*t**2 + 54*t - 25. Calculate the remainder when 163 is divided by r(-9).
51
Let t = 13 - 3. Suppose 12 = -4*k, -5*u - 4*k = -t*u + 672. Let d = -57 - -84. What is the remainder when u is divided by d?
24
Suppose 191*z - 209*z + 28972 + 8144 = 0. Calculate the remainder when z is divided by 37.
27
Let w = -43 - -45. Suppose -4*a - 5*z = -373, 185 = w*a - 0*a + 3*z. Suppose 249 = 4*x + a. Calculate the remainder when 112 is divided by x.
36
Suppose 0 = -3*j + 6. Let u = -19 - -22. Calculate the remainder when j is divided by 20/(-3 - -8) - u.
0
Let b(a) = 2*a**2 + 13*a + 24. Suppose 27*d - 42 = -231. What is the remainder when 587 is divided by b(d)?
29
What is the remainder when 0 - -146 - (40 - 28) is divided by 13?
4
Suppose -43*a + 48 = -82*a + 40*a. What is the remainder when 429 is divided by a?
45
Suppose -11148 = -4*j - 4*r, 5*j - 11138 = j - 2*r. What is the remainder when j is divided by 121?
120
Let p(b) = -13*b**3 + 2*b**2 + b - 1. Suppose 8*u + 5 = 3*u. What is the remainder when 75 is divided by p(u)?
10
Suppose 5446 = 68*f - 878. Calculate the remainder when 357 is divided by f.
78
Suppose 0 = -4*c - 2*d + 106, 181*c = 183*c + 4*d - 74. Calculate the remainder when 1756 is divided by c.
8
Let w = 9683 + -9523. Calculate the remainder when w is divided by 128.
32
Suppose 18*m + 127 = 20*m - 3*c, 0 = -4*c - 4. What is the remainder when 194 is divided by m?
8
Suppose -15316 = -174*i + 7304. What is the remainder when 1558 is divided by i?
128
Let i = 12 + 4. Suppose i = -8*j + 4*j. Calculate the remainder when 9 is divided by 1 + 2 - (2 + 2 + j).
0
Let y = 231 - 227. Suppose 2*u + 3*s - 47 = 0, u - y*s = 3*u - 44. Let q = 246 + -137. What is the remainder when q is divided by u?
25
Suppose 27*f - 35*f + 277 = -179. Calculate the remainder when 180 is divided by f.
9
Suppose 0 = -2*s + 10*s - 16. Let b be (-64098)/(-297) + s/11. Let n = b + -107. Calculate the remainder when n is divided by 10.
9
Suppose 4*m = -4*g + 4184, -m = 5*g - 532 - 538. What is the remainder when m is divided by 346?
2
Let y = -1369 - -611. Let m be 18/(-126) + y/(-14). Suppose -3*x + m = -33. What is the remainder when 85 is divided by x?
27
Let n = 17 + -54. Let s = -38 - n. What is the remainder when 29 is divided by (3/(-6))/(s/32)?
13
Let o(i) = 0 - i**3 + 1 - 2*i**3. Let y(n) = -n**2 + 41*n - 279. What is the remainder when o(-2) is divided by y(9)?
7
Let r(h) = 32096*h - 32065. Let k = 74 + 7. What is the remainder when k is divided by r(1)?
19
Suppose -2*u = 111*u - 19662. Calculate the remainder when u is divided by 7.
6
Let q be 0 + 10 + (14 - 12). Calculate the remainder when (-4 - (-44)/q)/((-11)/4983) is divided by 9.
7
Let b be 2/(-6) + (-1904)/(-42). Suppose 3*g - b = -2*g. What is the remainder when 37 - (1 + (0 - -2)) is divided by g?
7
Let m be -8 + -681 + (-54)/9. Let x = m - -805. Calculate the remainder when 218 is divided by x.
108
Let g(f) = 39*f + 17. Suppose 3*u + u = 3*x - 20, -2*x + 16 = -2*u. Let t be g(x). Suppose 5*b - 120 = t. What is the remainder when b is divided by 31?
28
Suppose -5*z - 96 = l - 449, 4*l = 3*z - 198. What is the remainder when 1119 is divided by z?
69
Calculate the remainder when 149 is divided by 5*3/(-3)*(-8 + (-3 - -7)).
9
Suppose 0 = -w - 2*h + 23, 41 = 59*w - 58*w + 5*h. What is the remainder when 15 is divided by w?
4
Let n(u) = -u**3 + 9*u**2 + 2*u + 5. Let i be n(9). Suppose 99 = -i*o + 260. Let r(l) = l + 3. Calculate the remainder when r(9) is divided by o.
5
Let b = -90 + 311. Suppose -1677*r - 3528 + 35229 = -212*r - 76709. What is the remainder when b is divided by r?
73
Let a(i) = -i**2 + 91*i - 1870. Calculate the remainder when a(34) is divided by 42.
26
Suppose -10*u + 275 = 45. Suppose -j - 1144 = -2*h, -532 = 3*h - 5*j - 2234. Calculate the remainder when h is divided by u.
22
Let k(m) = -12*m - 76. Let t be k(-6). Calculate the remainder when ((-746)/t + (-1)/(-2))/1 is divided by 48.
43
Let i(q) = 22*q**2 + 36*q + 28. What is the remainder when 271 is divided by i(-1)?
5
Suppose a + 1390 = 6*a. Let o(p) = -p**2 - 102*p + 150. Let f be o(-99). Let d = f - a. Calculate the remainder when d is divided by 34.
33
Suppose -7 + 172 = 51*l - 855. Suppose 0 = -4*k + k - 27. What is the remainder when k*(-4)/24*l/6 is divided by 3?
2
Let v = -87 + 123. Suppose -39*z + 78 = -v*z. What is the remainder when 46 is divided by z?
20
Let k be (9/(-3) - -3) + 3. Suppose k*g = 55 + 155. Suppose 3*h = -2*h + g. What is the remainder when 69 is divided by h?
13
Suppose 0 = 4*r + 8, 16 = b - 0*r + r. Calculate the remainder when (-12)/108 + 2666/b is divided by 38.
34
Suppose 32 = 5*z + 3*z. Let x be ((-6)/z)/((-455)/448 - -1). Let v = -40 + x. What is the remainder when v is divided by 19?
18
Suppose 10 = -3*c + c. Let a be 2*(-5)/(-1) + (-9 - c). Calculate the remainder when 47 is divided by a/(-10) - (-63)/5.
11
What is the remainder when 326 is divided by 603/87 + (-146)/(-2117)?
4
Let j(h) = -199*h - 616. What is the remainder when j(-5) is divided by 182?
15
Let q(h) = h**2 + 7*h + 12. Let d(s) = -8*s**3 + 31 + 27*s - 24*s - 14*s**2 + 9*s**3. What is the remainder when d(14) is divided by q(-8)?
13
Let q(m) = 114*m + 1525. What is the remainder when 275 is divided by q(-13)?
17
Let o(n) = 4*n**2 + 8*n + 56. Let x be o(0). Let z = x - 52. Calculate the remainder when 8 is divided by z.
0
Let v(l) = -l**3 - 61*l**2 - 110*l + 489. What is the remainder when 4/(-18) + (-2312)/(-36) is divided by v(-59)?
13
Let a(i) = 262*i - 4. Let k(s) = -260*s + 4. Let j(h) = 3*a(h) + 4*k(h). Calculate the remainder when j(-2) is divided by 27.
26
Let g = 80 + -71. Suppose 47 + g = 2*z. Calculate the remainder when 4/10 - (-2478)/30 is divided by z.
27
Suppose -94*r + 31 = 2*k - 89*r, 5*r = 15. What is the remainder when 83 is divided by k?
3
Suppose -9*a + 5*g = -14*a - 75, -2*a = 3*g + 29. What is the remainder when (a + 52)*20/6 is divided by 36?
12
Suppose 0 = z + 4*z - 5550 - 920. Calculate the remainder when z is divided by 162.
160
Let b = 68 + -67. Suppose -5*z = -v - 0*v - 1, v + b = -z. Suppose z = 4*t - 52. Calculate the remainder when 50 is divided by t.
11
Suppose -3*p + 10 = -t, 3*t + 12 = -4*p - 2*t. Let z(a) = -3*a**p + 26*a - 10*a + 29*a - 16. What is the remainder when z(14) is divided by 7?
5
Let x = 15566 - 15534. Calculate the remainder when 98 is divided by x.
2
Suppose -668 + 296 = -17*i + 563. What is the remainder when i is divided by 54?
1
Let t = -86 - -86. Suppose 4*y - 23 = 3*f - 267, 4*f + y - 300 = t. Calculate the remainder when f is divided by 26.
24
Suppose 0 = -2*b - t - 10, -29 = 4*b - t + 3. Let m be b/(28/(-12)) - -4. Let g = 32 + m. Calculate the remainder when g is divided by 14.
11
Let w = -2911 + 3233. What is the remainder when w is divided by 97?
31
Let s = 2893 + -2866. What is the remainder when 533 is divided by s?
20
Let i(z) = 88*z - 15. What is the remainder when i(3) is divided by 55?
29
Let o(q) = 9*q - 17. Let z be -4*2*6/(-3). Calculate the remainder when o(z) is divided by 13.
10
Let m be (-851)/(-161) + (-3)/((-21)/(-2)). Let b be (-4)/1 - (-5 + m). Let z = b - -47. Calculate the remainder when z is divided by 23.
20
Let m(f) = 18*f**2 - 102*f - 117. What is the remainder when 237 is divided by m(7)?
33
Suppose -51*l = 29 - 5333. Calculate the remainder when l is divided by 103.
1
Let w = -748236 + 748267. Let c(k) be the first derivative of 5*k**3/3 - k**2/2 - k - 1. What is the remainder when w is divided by c(2)?
14
Let n(z) = z**3 - 2*z**2 + 191*z - 1808. What is the remainder when n(11) is divided by 229?
8
Suppose -37*d + 4*d = -1584. Calculate the remainder when 227 is divided by d.
35
Suppose 2*j = -v - 20, 5*v + 5*j - 5 = 8*v. Calculate the remainder when (-15 + 10)*(106/v + 3) is divided by 15.
8
Let g = -5514 - -5745. What is the remainder when 681 is divided by g?
219
Let x(q) = -2*q - 2. Let g be x(-5). Let z(h) = h**3 - 7*h**2 - 8*h + 6. Let s be z(g). Suppose s*f = -0*f + 492. What is the remainder when f is divided by 17?
14
Let v(b) = 7*b**2 - 70*b + 92. Calculate 